git of 1967769?
7
What is the thousands digit of 371653?
1
What is the hundreds digit of 672405?
4
What is the units digit of 1139271?
1
What is the hundreds digit of 83848?
8
What is the ten thousands digit of 5716415?
1
What is the thousands digit of 424460?
4
What is the units digit of 1174726?
6
What is the units digit of 8249965?
5
What is the tens digit of 28280?
8
What is the tens digit of 160190?
9
What is the thousands digit of 2195562?
5
What is the thousands digit of 9724373?
4
What is the units digit of 6167340?
0
What is the tens digit of 739254?
5
What is the units digit of 11066577?
7
What is the hundred thousands digit of 2599430?
5
What is the thousands digit of 293560?
3
What is the ten thousands digit of 449293?
4
What is the ten thousands digit of 582964?
8
What is the tens digit of 1045654?
5
What is the units digit of 432279?
9
What is the hundreds digit of 81250?
2
What is the tens digit of 25258823?
2
What is the ten thousands digit of 2182516?
8
What is the units digit of 336025?
5
What is the hundreds digit of 1047559?
5
What is the ten thousands digit of 28966?
2
What is the ten thousands digit of 48496?
4
What is the thousands digit of 166215?
6
What is the thousands digit of 769609?
9
What is the hundreds digit of 172402?
4
What is the units digit of 890099?
9
What is the units digit of 6641?
1
What is the ten thousands digit of 8161272?
6
What is the units digit of 446274?
4
What is the hundreds digit of 335091?
0
What is the units digit of 552616?
6
What is the hundreds digit of 1082832?
8
What is the tens digit of 561537?
3
What is the thousands digit of 1289089?
9
What is the ten thousands digit of 434403?
3
What is the millions digit of 24677636?
4
What is the units digit of 88704?
4
What is the ten thousands digit of 1985721?
8
What is the hundred thousands digit of 5349741?
3
What is the units digit of 75310?
0
What is the hundreds digit of 3148493?
4
What is the millions digit of 1855074?
1
What is the thousands digit of 12485929?
5
What is the millions digit of 2096758?
2
What is the thousands digit of 1425823?
5
What is the ten thousands digit of 15259533?
5
What is the millions digit of 14569630?
4
What is the thousands digit of 299981?
9
What is the ten thousands digit of 147890?
4
What is the hundred thousands digit of 4313062?
3
What is the units digit of 2427028?
8
What is the thousands digit of 139935?
9
What is the hundred thousands digit of 143700?
1
What is the hundreds digit of 71663?
6
What is the units digit of 1194189?
9
What is the millions digit of 7747495?
7
What is the units digit of 533705?
5
What is the hundreds digit of 6029589?
5
What is the thousands digit of 2639427?
9
What is the thousands digit of 483738?
3
What is the units digit of 7601774?
4
What is the tens digit of 125668?
6
What is the ten thousands digit of 230614?
3
What is the tens digit of 2427098?
9
What is the hundreds digit of 11851873?
8
What is the tens digit of 4668834?
3
What is the hundred thousands digit of 2666791?
6
What is the millions digit of 9889811?
9
What is the millions digit of 7742076?
7
What is the tens digit of 299458?
5
What is the ten thousands digit of 436857?
3
What is the hundred thousands digit of 366291?
3
What is the hundred thousands digit of 27336941?
3
What is the tens digit of 10980752?
5
What is the hundred thousands digit of 178806?
1
What is the ten thousands digit of 192905?
9
What is the thousands digit of 3327461?
7
What is the hundreds digit of 194867?
8
What is the hundreds digit of 8427420?
4
What is the tens digit of 493588?
8
What is the tens digit of 6204425?
2
What is the ten thousands digit of 131855?
3
What is the hundred thousands digit of 5894783?
8
What is the hundreds digit of 175491?
4
What is the thousands digit of 8005?
8
What is the ten thousands digit of 3564618?
6
What is the tens digit of 274569?
6
What is the units digit of 1269997?
7
What is the ten thousands digit of 1712110?
1
What is the hundreds digit of 255949?
9
What is the ten thousands digit of 586649?
8
What is the hundreds digit of 251546?
5
What is the tens digit of 924919?
1
What is the hundreds digit of 110998?
9
What is the millions digit of 1099194?
1
What is the hundreds digit of 197662?
6
What is the tens digit of 5549696?
9
What is the units digit of 2755126?
6
What is the hundreds digit of 195188?
1
What is the ten thousands digit of 1169041?
6
What is the tens digit of 158977?
7
What is the ten thousands digit of 5206853?
0
What is the thousands digit of 686305?
6
What is the units digit of 655066?
6
What is the tens digit of 41876?
7
What is the units digit of 10392335?
5
What is the units digit of 341546?
6
What is the thousands digit of 1868287?
8
What is the tens digit of 3500278?
7
What is the units digit of 112623?
3
What is the hundred thousands digit of 2149420?
1
What is the hundred thousands digit of 234184?
2
What is the hundreds digit of 1314356?
3
What is the hundred thousands digit of 3072205?
0
What is the units digit of 681423?
3
What is the tens digit of 214834?
3
What is the ten thousands digit of 691005?
9
What is the hundreds digit of 5262596?
5
What is the units digit of 261372?
2
What is the hundred thousands digit of 12334212?
3
What is the millions digit of 1047698?
1
What is the ten thousands digit of 662442?
6
What is the hundred thousands digit of 1135771?
1
What is the tens digit of 1821148?
4
What is the tens digit of 551549?
4
What is the millions digit of 29564781?
9
What is the ten thousands digit of 15270021?
7
What is the tens digit of 16871783?
8
What is the thousands digit of 15596364?
6
What is the units digit of 62317?
7
What is the tens digit of 3792338?
3
What is the units digit of 145419?
9
What is the thousands digit of 825637?
5
What is the hundreds digit of 613573?
5
What is the thousands digit of 17611567?
1
What is the hundred thousands digit of 4188515?
1
What is the hundreds digit of 63144?
1
What is the hundreds digit of 755659?
6
What is the units digit of 2721560?
0
What is the thousands digit of 414907?
4
What is the tens digit of 488229?
2
What is the thousands digit of 22563?
2
What is the ten thousands digit of 24467?
2
What is the hundreds digit of 4979230?
2
What is the ten thousands digit of 239497?
3
What is the thousands digit of 10640481?
0
What is the hundreds digit of 80123?
1
What is the hundred thousands digit of 11156613?
1
What is the thousands digit of 3437268?
7
What is the ten thousands digit of 212142?
1
What is the units digit of 1050837?
7
What is the units digit of 278808?
8
What is the thousands digit of 220311?
0
What is the hundreds digit of 191454?
4
What is the hundred thousands digit of 2990597?
9
What is the hundreds digit of 27994?
9
What is the hundred thousands digit of 2238669?
2
What is the tens digit of 3865358?
5
What is the units digit of 43438?
8
What is the hundreds digit of 2073959?
9
What is the thousands digit of 271117?
1
What is the units digit of 549830?
0
What is the ten thousands digit of 450675?
5
What is the thousands digit of 81944?
1
What is the ten thousands digit of 38064?
3
What is the millions digit of 2251664?
2
What is the hundreds digit of 2088059?
0
What is the hundred thousands digit of 3110969?
1
What is the units digit of 5276891?
1
What is the units digit of 5262540?
0
What is the hundred thousands digit of 2142333?
1
What is the hundred thousands digit of 4212712?
2
What is the tens digit of 40605?
0
What is the units digit of 1407517?
7
What is the thousands digit of 30319?
0
What is the units digit of 371842?
2
What is the tens digit of 223870?
7
What is the hundreds digit of 1437102?
1
What is the ten thousands digit of 5336028?
3
What is the thousands digit of 6367224?
7
What is the ten thousands digit of 14675109?
7
What is the hundred thousands digit of 2368034?
3
What is the millions digit of 1256979?
1
What is the hundred thousands digit of 6152581?
1
What is the ten thousands digit of 41485022?
8
What is the thousands digit of 2845623?
5
What is the units digit of 78815?
5
What is the hundred thousands digit of 16094388?
0
What is the hundreds digit of 394280?
2
What is the thousands digit of 171584?
1
What is the ten thousands digit of 20519?
2
What is the tens 